ple of 38?
True
Is 2126 a factor of 27877639?
False
Is 88 a factor of 89620922?
False
Is 2167607889 a multiple of 35?
False
Is 55991614 a multiple of 23?
True
Is 253180720 a multiple of 26?
True
Does 5 divide 3907734?
False
Does 8 divide 162723880?
True
Does 6768 divide 449368631?
False
Is 26932546 a multiple of 45?
False
Is 16769116 a multiple of 322?
True
Is 350545767 a multiple of 13?
True
Does 33 divide 26548863?
True
Does 187 divide 779411305?
False
Is 38564526 a multiple of 11?
True
Does 16 divide 5948952529?
False
Is 16 a factor of 14834304?
True
Is 163 a factor of 35840318?
False
Is 17 a factor of 274693955?
False
Is 211329900 a multiple of 75?
True
Does 49 divide 691935223?
True
Is 296897453 a multiple of 8?
False
Does 1770 divide 54774420?
True
Is 267 a factor of 95009280?
True
Does 25 divide 1589154?
False
Is 280915614 a multiple of 11?
False
Is 806036344 a multiple of 8?
True
Does 632 divide 4017010562?
False
Is 347570375 a multiple of 125?
True
Is 12 a factor of 217103765?
False
Does 27 divide 527332509?
False
Is 53 a factor of 596711504?
False
Is 1057827509 a multiple of 71?
True
Does 34 divide 802040280?
True
Does 9 divide 292116504?
False
Is 43177062 a multiple of 884?
False
Is 320353151 a multiple of 792?
False
Is 42 a factor of 2688085?
False
Is 1014958589 a multiple of 30?
False
Does 448 divide 569100287?
False
Does 338 divide 87076236?
True
Is 12731740 a multiple of 431?
True
Is 5310222192 a multiple of 1357?
False
Does 1206 divide 467412475?
False
Is 22 a factor of 8201296?
False
Is 20675377 a multiple of 779?
False
Is 453469577 a multiple of 11?
True
Does 35 divide 13296465?
True
Is 109 a factor of 118118695?
False
Is 34161126 a multiple of 102?
True
Is 85709036 a multiple of 203?
True
Is 25992742 a multiple of 399?
False
Does 15 divide 14455833?
False
Does 524 divide 291038135?
False
Does 16 divide 107241680?
True
Is 735307959 a multiple of 1922?
False
Is 9527 a factor of 4162196233?
False
Is 41327616 a multiple of 264?
True
Is 48688614 a multiple of 54?
True
Is 16555216 a multiple of 16?
True
Is 21 a factor of 138041673?
True
Does 8 divide 18573472?
True
Does 9 divide 15290987?
False
Does 557 divide 817126241?
True
Is 14 a factor of 196775026?
True
Is 21 a factor of 64069929?
True
Is 84277133 a multiple of 15?
False
Is 14135225 a multiple of 713?
True
Does 163 divide 5034994694?
True
Does 245 divide 4098143670?
False
Is 93 a factor of 8526891?
True
Is 7043508 a multiple of 102?
True
Does 6 divide 13465836?
True
Is 7 a factor of 29010786?
True
Does 158 divide 10054443?
False
Is 1246 a factor of 3605860454?
True
Is 74648406 a multiple of 71?
True
Does 142 divide 16527806?
True
Is 702725207 a multiple of 23?
False
Does 6 divide 39808567?
False
Does 798 divide 14578662?
True
Is 821437731 a multiple of 82?
False
Is 2 a factor of 1085773?
False
Is 650707403 a multiple of 5041?
True
Does 75 divide 1139600198?
False
Does 74 divide 12436958?
True
Is 64640754 a multiple of 18?
True
Is 5 a factor of 734002656?
False
Is 339169740 a multiple of 42?
True
Is 14 a factor of 581187082?
True
Does 302 divide 220234708?
True
Is 12 a factor of 274620102?
False
Is 1284806048 a multiple of 582?
False
Does 1757 divide 35377195?
True
Does 80 divide 87686720?
True
Is 244 a factor of 115313689?
False
Does 43 divide 6814210?
True
Is 434945935 a multiple of 5015?
True
Does 98 divide 3633181?
False
Does 4437 divide 250033824?
True
Is 342127552 a multiple of 47?
False
Is 4211158452 a multiple of 12?
True
Does 433 divide 230872569?
True
Is 579 a factor of 1078145478?
True
Does 8 divide 79360558?
False
Is 16916359 a multiple of 89?
False
Is 337334144 a multiple of 4?
True
Does 96 divide 11210304?
True
Is 15363853 a multiple of 1933?
False
Does 237 divide 4888047585?
False
Is 38466859 a multiple of 625?
False
Is 274 a factor of 353693722?
True
Does 400 divide 31247194?
False
Is 2 a factor of 20948836?
True
Is 47 a factor of 863651717?
False
Is 43 a factor of 59790210?
True
Does 17 divide 750053686?
False
Does 3760 divide 7083077221?
False
Is 8114 a factor of 1937751901?
False
Is 53560842 a multiple of 246?
True
Is 9 a factor of 3489480?
True
Does 224 divide 55864147?
False
Is 2356023075 a multiple of 725?
True
Is 453769590 a multiple of 118?
True
Is 106577175 a multiple of 19?
True
Is 15103232 a multiple of 196?
False
Is 26 a factor of 195846206?
False
Is 9102661 a multiple of 2?
False
Is 4753053294 a multiple of 3301?
False
Is 27 a factor of 6213042356?
False
Is 324 a factor of 334268532?
True
Does 89 divide 527376887?
True
Is 23 a factor of 615293158?
False
Does 2904 divide 19320312?
True
Is 1456731 a multiple of 489?
True
Is 19 a factor of 2856930214?
False
Is 76124354 a multiple of 2509?
False
Is 1925287 a multiple of 16?
False
Is 7409 a factor of 714657232?
False
Is 68178695 a multiple of 11?
False
Does 10 divide 3256146?
False
Is 84 a factor of 77343145?
False
Is 643 a factor of 80601336?
True
Is 88106334 a multiple of 21?
False
Is 524595081 a multiple of 1291?
False
Is 46 a factor of 2044355127?
False
Is 633 a factor of 184815744?
True
Is 743444 a multiple of 1508?
True
Does 1220 divide 103091220?
True
Does 3 divide 13017610?
False
Does 191 divide 37982642?
True
Is 1608148571 a multiple of 47?
False
Does 642 divide 565021842?
False
Is 11872508 a multiple of 46?
True
Does 615 divide 82259940?
True
Is 986 a factor of 229753868?
False
Does 4082 divide 450350431?
False
Is 867 a factor of 3099916017?
True
Is 45 a factor of 162476365?
False
Is 19 a factor of 299494910?
True
Does 226 divide 2682813908?
True
Does 14 divide 21060592?
True
Does 2 divide 18182947?
False
Is 1263 a factor of 59213066?
False
Does 164 divide 181517957?
False
Is 976802970 a multiple of 22?
True
Is 122377273 a multiple of 6?
False
Is 316134180 a multiple of 1076?
True
Does 10 divide 828606500?
True
Is 10 a factor of 2481694?
False
Is 6 a factor of 1900146?
True
Is 170654092 a multiple of 15?
False
Does 142 divide 14208378?
True
Does 81 divide 1515375?
False
Is 11765400 a multiple of 15?
True
Is 11 a factor of 1285490?
False
Is 1266 a factor of 114183072?
True
Is 6 a factor of 6108373?
False
Is 201 a factor of 180300819?
True
Does 25 divide 950115650?
True
Is 42176512 a multiple of 110?
False
Does 101 divide 182410445?
False
Is 14869230 a multiple of 30?
True
Is 434495877 a multiple of 17?
True
Does 4871 divide 586383208?
False
Is 24 a factor of 2151170177?
False
Is 3444177303 a multiple of 1281?
True
Is 95275988 a multiple of 5909?
False
Is 10598130 a multiple of 18?
True
Is 594 a factor of 564435432?
True
Is 3 a factor of 150070668?
True
Does 596 divide 1138159744?
True
Is 59 a factor of 6841343?
False
Is 22 a factor of 161350574?
True
Is 1818698975 a multiple of 25?
True
Is 170 a factor of 2202779930?
True
Is 99 a factor of 159832134?
True
Is 7073857 a multiple of 371?
True
Is 238514872 a multiple of 1185?
False
Is 348 a factor of 2846720?
False
Is 21742071 a multiple of 510?
False
Does 253 divide 199608373?
False
Is 381088196 a multiple of 4?
True
Does 27 divide 74354457?
False
Is 1352042010 a multiple of 594?
True
Is 99345456 a multiple of 168?
True
Is 44621500 a multiple of 38?
True
Does 47 divide 17168724?
True
Does 1544 divide 224054472?
True
Does 314 divide 12597639?
False
Is 15077588 a multiple of 143?
False
Is 1865083132 a multiple of 1364?
True
Does 149 divide 40859078?
True
Does 75 divide 68661375?
True
Does 196 divide 63611996?
True
Does 2411 divide 53251093?
False
Is 4 a factor of 20803452?
True
Is 280595920 a multiple of 44?
True
Does 31 divide 932563049?
True
Is 1256304950 a multiple of 44?
False
Does 1378 divide 301099890?
True
Does 188 divide 15598038?
False
Is 174389025 a multiple of 12?
False
Is 1936 a factor of 63675040?
True
Is 1225 a factor of 26667331?
False
Is 52065221 a multiple of 2364?
False
Does 5379 divide 2555095284?
False
Is 9270240 a multiple of 2136?
True
Is 19480607 a multiple of 97?
True
Is 188 a factor of 17817797?
False
Is 1712685700 a multiple of 275?
True
Is 56381931 a multiple of 983?
True
Is 2 a factor of 41307345?
False
Is 413960317 a multiple of 1457?
False
Is 595 a factor of 74651675?
True
Is 65 a factor of 13949650?
True
Is 1346 a factor of 45672472?
True
Is 31 a factor of 25834098?
True
Is 976073408 a multiple of 64?
True
Is 735